*n**2 + 117*n - 1385. Give z(19).
1560
Let z(u) = 4*u**3 - 599*u**2 - 35*u - 17255. Give z(150).
-5
Let h(i) = -20*i**2 - 6834*i + 8894. What is h(-343)?
-24
Let c(w) = -17*w**2 - 359*w - 1593. What is c(-15)?
-33
Let q(a) = -3155*a - 630991. Give q(-200).
9
Let q(c) = c**3 + 59*c**2 - 8*c - 17279. What is q(-53)?
-1
Let l(v) = 5*v**3 + 30*v**2 - 210*v + 33. Determine l(4).
-7
Let b(v) = -8*v**3 + 17*v + 1. Determine b(-4).
445
Let y(g) = -7*g**3 + 725*g**2 - 405*g - 41. Give y(103).
680
Let g(o) = -19*o**3 + 4*o**2 - 7*o - 5. What is g(-2)?
177
Let q(y) = 5566*y - 601200. Calculate q(108).
-72
Let k(b) = -b**3 - 92*b**2 + 123*b + 54. What is k(0)?
54
Let d(f) = -76*f - 17220. Give d(-226).
-44
Let n(r) = -41*r**3 - 390*r**2 + 20*r + 45. Determine n(-9).
-1836
Let p(b) = -b**3 - 3154*b**2 + 9502*b - 95. Determine p(3).
-2
Let f(n) = 24696*n - 8050893. What is f(326)?
3
Let w(s) = s**3 - 289*s**2 + 5840*s + 8995. Calculate w(267).
-83
Let f(s) = 2*s**3 - 6*s**2 - 503*s + 2018. Determine f(4).
38
Let z(f) = 57*f**2 + 483*f + 1447. What is z(-3)?
511
Let f(a) = -7*a**3 - 8*a**2 - 110*a - 905. Give f(-8).
3047
Let z(b) = 176*b - 14546. Give z(83).
62
Let n(l) = -1096*l - 78810. Calculate n(-72).
102
Let a(u) = -u**3 + 10*u**2 + 131*u - 1082. Give a(14).
-32
Let m(y) = 10451*y - 84122. Determine m(8).
-514
Let o(v) = -3*v**2 + 1486*v - 91439. Determine o(72).
1
Let r(s) = 2689*s + 80436. Determine r(-30).
-234
Let k(n) = 55983*n - 223988. What is k(4)?
-56
Let l(v) = 3465*v + 374059. Give l(-108).
-161
Let n(j) = 459*j + 1732. Calculate n(-3).
355
Let q(i) = -i**2 + 4*i + 183. Determine q(21).
-174
Let r(n) = 876*n - 58797. Calculate r(67).
-105
Let p(z) = 4*z**2 + 98*z + 1703. What is p(-19)?
1285
Let v(i) = -i**3 + 53*i**2 - 274*i - 42. What is v(6)?
6
Let i(d) = -2933*d - 2931. Give i(-1).
2
Let k(v) = -6*v**2 + 124*v - 396. Determine k(15).
114
Let g(z) = -z**3 - 67*z**2 - 33*z + 1300. Calculate g(-66).
-878
Let k(j) = 66006*j - 726096. Give k(11).
-30
Let b(o) = 5*o**3 + 372*o**2 + 1731*o - 25. What is b(-5)?
-5
Let q(a) = -7*a**2 - 13966*a + 55922. What is q(4)?
-54
Let j(c) = 18*c**2 - 1232*c + 10401. Calculate j(10).
-119
Let m(g) = g**2 - 159667*g + 798276. What is m(5)?
-34
Let y(x) = -36*x**2 - 369*x + 1823. Determine y(5).
-922
Let y(x) = 26928*x - 19630506. Give y(729).
6
Let g(f) = f**3 - 30*f**2 + 447*f - 12126. Give g(29).
-4
Let o(l) = 452*l + 3993. What is o(-8)?
377
Let h(i) = 4*i**3 + 22*i**2 + 118*i + 165. Calculate h(-2).
-15
Let w(s) = 1638*s - 63905. Determine w(39).
-23
Let v(f) = 135836*f + 9916040. Give v(-73).
12
Let m(i) = -1782*i - 26323. Determine m(-15).
407
Let h(a) = -1793*a + 186449. Give h(104).
-23
Let k(f) = 46*f**3 + 1284*f**2 - 107*f + 144. Determine k(-28).
4
Let f(v) = -1497*v - 4111. Calculate f(-3).
380
Let u(c) = c**3 + 217*c**2 - 419*c + 4233. Determine u(-219).
72
Let f(m) = 27*m**2 + 521*m + 521. Calculate f(-1).
27
Let o(q) = -76*q**2 - 59*q - 209. Calculate o(-6).
-2591
Let j(y) = -937*y + 118614. Determine j(127).
-385
Let h(f) = 187*f**2 + 43*f - 44. What is h(3)?
1768
Let l(d) = -47*d**3 + 569*d**2 - 23*d + 92. What is l(12)?
536
Let c(v) = 600370*v + 6003701. Calculate c(-10).
1
Let n(z) = z**3 - 138*z**2 - 2*z - 94. What is n(0)?
-94
Let z(u) = -u**2 - 61*u - 53. Determine z(-31).
877
Let u(r) = 120*r**2 + 619*r - 489. What is u(-5)?
-584
Let d(o) = -o**3 + 25*o**2 + 116*o + 354. Give d(28).
1250
Let u(m) = 2534*m - 281288. Calculate u(111).
-14
Let m(a) = -17*a**3 - 4114*a**2 - 2*a - 483. Calculate m(-242).
1
Let i(k) = -15624*k - 5187160. Give i(-332).
8
Let v(y) = 6584*y - 19908. What is v(3)?
-156
Let y(u) = 6*u**3 + 170*u**2 + 4*u - 5. Give y(-28).
1451
Let o(n) = 2521*n**2 - 22699*n + 79. What is o(9)?
-11
Let c(t) = -43*t**2 + 2*t + 298. Determine c(0).
298
Let b(s) = -29935*s + 180381. Determine b(6).
771
Let c(r) = -63*r**2 + 11454*r + 2045. Give c(182).
-139
Let p(d) = d**3 + 6187*d**2 - 1061117*d - 87. Calculate p(167).
80
Let r(z) = 96*z**2 - 1437*z - 72. Give r(15).
-27
Let y(o) = 2836*o + 8884. Calculate y(-3).
376
Let s(o) = -1353*o - 102754. Determine s(-76).
74
Let n(b) = -19*b**2 - 707*b + 388. Give n(-37).
536
Let w(i) = -i**3 + 16*i**2 + 97*i - 1098. Determine w(18).
0
Let u(y) = y**2 - 113*y - 6293. What is u(-39)?
-365
Let v(b) = -2*b**3 - 181*b**2 - 4078*b - 46. Determine v(-48).
-142
Let b(n) = -3365*n - 363415. Give b(-108).
5
Let j(m) = 19*m**2 - 12223*m - 12221. Give j(-1).
21
Let q(c) = -4*c**2 - 718*c + 59273. Give q(-241).
-13
Let d(s) = -235*s - 2938. What is d(-11)?
-353
Let p(b) = 76*b**2 + 229*b - 381. Determine p(-4).
-81
Let d(g) = g**2 + 965*g - 60347. Determine d(59).
69
Let u(q) = 443*q - 92771. What is u(209)?
-184
Let c(t) = -3504*t + 518592. Determine c(148).
0
Let z(a) = a**3 + 43*a**2 + 116*a - 1881. Give z(-39).
-321
Let p(n) = n**3 + 239*n**2 - 534*n - 11333. What is p(-241)?
1199
Let d(r) = -62*r**3 + 6*r**2 - 23*r - 16. Calculate d(3).
-1705
Let w(f) = 124*f + 11874. Determine w(-97).
-154
Let i(a) = 118*a**2 - 43*a - 5. What is i(1)?
70
Let s(k) = -k**3 + 351*k**2 + 1327585*k - 4941. What is s(-990)?
9
Let b(c) = -2265*c + 38783. Calculate b(17).
278
Let a(f) = -f**3 - 6*f**2 + 1051*f + 8426. Give a(-8).
146
Let a(z) = z**3 - 719*z + 7116. Give a(18).
6
Let f(m) = -222464*m - 6673937. Give f(-30).
-17
Let m(a) = -1181*a**2 - 7081*a - 13. Give m(-6).
-43
Let y(w) = -w**3 + 31*w**2 + 79*w - 678. Calculate y(33).
-249
Let o(k) = k**3 + 28*k**2 + 52*k - 164. Give o(-25).
411
Let d(t) = -2*t**3 + 1847*t**2 + 785*t + 128566. Give d(924).
130
Let k(r) = -76625*r + 919491. What is k(12)?
-9
Let y(p) = 969*p + 20359. Give y(-23).
-1928
Let u(x) = -23651*x + 354757. Determine u(15).
-8
Let i(m) = m**2 - 196*m + 4565. What is i(27)?
2
Let n(r) = -114971*r - 689826. Calculate n(-6).
0
Let v(t) = 2*t**3 - 243*t**2 + 129*t - 1480. Calculate v(121).
-512
Let z(g) = -g**3 - 81464*g**2 - 4721548*g. Calculate z(-58).
0
Let q(n) = 10*n**2 - 5780*n - 29038. Determine q(-5).
112
Let s(z) = -65*z**2 - 8371*z - 14846. Give s(-127).
-114
Let g(j) = -119*j**2 - 2251*j + 216. What is g(-19)?
26
Let k(q) = -8*q**2 + 1273*q - 49306. What is k(93)?
-109
Let g(w) = 32*w**3 - 373*w**2 - 1504*w + 16484. Give g(12).
20
Let r(l) = -4*l**2 - 26*l + 110. Give r(0).
110
Let y(z) = 25*z - 1179. Calculate y(22).
-629
Let v(w) = 2*w**3 + 605*w**2 + 346*w + 13283. What is v(-302)?
-5
Let o(u) = 3312494*u - 23187452. What is o(7)?
6
Let y(b) = -b**3 + 34*b**2 - 216*b + 23. Give y(21).
1220
Let i(r) = 17043*r - 102286. Calculate i(6).
-28
Let j(p) = 18*p**3 - 132*p**2 + 57*p - 90. Calculate j(7).
15
Let q(a) = a**3 - 938*a**2 - 10*a + 9368. Determine q(938).
-12
Let y(a) = 1045*a + 56795. Calculate y(-54).
365
Let s(o) = 1808*o - 343400. What is s(190)?
120
Let x(f) = -3813*f - 1731031. Determine x(-454).
71
Let g(y) = y**3 - 217*y**2 - 1788*y - 25. What is g(-9)?
-2239
Let o(c) = 570*c**2 + 31354*c + 232. Calculate o(-55).
12
Let f(n) = -4463*n + 2173476. What is f(487)?
-5
Let s(o) = -49034*o + 97896. Give s(2).
-172
Let j(q) = q**3 + 573*q**2 + 1705*q - 2831. What is j(-570)?
19
Let i(m) = 40601*m + 812022. What is i(-20)?
2
Let l(f) = f**3 - 34*f**2 + 152*f - 867. Determine l(30).
93
Let j(z) = z**3 - 73*z + 240. Determine j(4).
12
Let t(p) = -163278*p - 2775666. What is t(-17)?
60
Let l(j) = -36*j**2 + 14428*j + 32237. Calculate l(403).
-3
Let d(j) = j**3 + 98*j**2 + 84*j + 1427. What is d(-97)?
2688
Let l(j) = -72884*j - 17783686. Determine l(-244).
10
Let c(f) = -4*f**3 + 23*f**2 - 35*f + 237. Calculate c(7).
-253
Let f(q) = -2*q**3 - 488*q**2 + 3516*q + 567. What is f(-251)?
65
Let q(n) = -755*n**2 - 5297*n + 181. Calculate q(-7).
265
Let c(z) = 40*z**2 + 743*z - 1243. Calculate c(-20).
-103
Let w(c) = -4992*c + 753785. Give w(151).
-7
Let x(o) = 31*o**2 - 13186*o - 39549. Give x(-3).
288
Let f(g) = g**3 + 9*g**2 - 360*g - 90. Give f(-23).
784
Let y(f) = 6608205*f - 66082055. Calculate y(10).
-5
Let i(u) = -u**3 - 289*u**2 - 6599*u + 102. Calculate i(-264).
-162
Let u(c) = -1098638*c - 3295902. What is u(-3)?
12
Let x(v) = -19*v**2 - 970*v + 1931. Calculate x(2).
-85
Let k(t) = -20*t**2 - 312*t - 20. Calculate k(-17).
-496
Let y(a) = 8886*a + 328812. Give y(-37).
30
Let v(a) 